highest common factor of f and 70?
70
Suppose 3*s + 9033 = 5*x, -x + 1805 = -0*x - s. What is the greatest common divisor of 134 and x?
67
Let t = -192 - -203. Let m(z) = z**2 - 6*z + 15. Let s be m(10). What is the greatest common divisor of s and t?
11
Let j be (-82 - -52)*((-4)/(-3) - 1). Let y = -6 - j. Calculate the greatest common divisor of y and 164.
4
Let y be (-1 - -1) + 10/6*3. Suppose -1 + 11 = y*c. Suppose c*q - 258 - 94 = 0. Calculate the greatest common factor of 16 and q.
16
Suppose -46 = -5*g + 2*r, 3*g - 2*r + 2 = 4*g. Let c(z) = 105*z**2 - 67*z + 66. Let q be c(1). What is the greatest common divisor of q and g?
8
Suppose -5*r = 3*s - 245, -8*r - 147 = -11*r + 2*s. Let l = -34 + 56. Let a = 36 - l. What is the highest common factor of a and r?
7
Let s be -3*(-4 - (-3 + 0)). Suppose g + s*u = 33, -3*g = g - u - 93. Suppose 4*y = h + 3*h - g, 3*y + 3 = 0. What is the greatest common factor of h and 40?
5
Suppose 3*w - 1509 = -m, 15*w - 18*w - 3*m + 1509 = 0. Let p = w + -426. Suppose 2*j - g = 18, 21 + 19 = 4*j - g. What is the highest common divisor of p and j?
11
Suppose 38 = -5*n - 4*q, 6*q + 20 = -4*n + 8*q. Let s = n - -78. Calculate the greatest common divisor of 60 and s.
12
Let q(m) = m**2 - 10*m. Let d be q(10). Suppose 5*l + v - 174 = d, 2*l - v - 176 = -3*l. Let s = -32 + l. What is the highest common factor of s and 2?
1
Let j = -185 - -192. Suppose 0 = -4*d + 16, -2*s - 4*d = -j*d - 14. Calculate the highest common factor of s and 403.
13
Let r(d) = -d**2 - 28*d. Let c be r(-28). Suppose 4*h - 2*t - 48 = c, 4*h = -t + 39 + 15. Calculate the highest common factor of h and 4.
1
Let c(n) = 40*n**2 - 10*n - 10. Let h be c(-4). Calculate the highest common divisor of h and 80.
10
Let f be -1 - (216/(-52) + (-8)/(-52)). What is the greatest common factor of f and 67?
1
Let b = -6062 + 6065. Calculate the highest common factor of 86 and b.
1
Let i = -1 - -14. Suppose 19*s - 47 = -2*s + 16. What is the highest common divisor of s and i?
1
Let n(q) = -q**2 + 9*q + 32. Suppose 3*j - 16 - 2 = 0. Let k be n(j). Let r be -15*(2 - 16/6). Calculate the highest common factor of k and r.
10
Suppose -16 = -4*n, -4*r - 3*n + 1916 - 164 = 0. Suppose 0 = -4*k - 3*h + r, -3*k + 5*h + 326 = 7*h. What is the highest common factor of 8 and k?
4
Let o(b) = -408*b - 25694. Let t be o(-63). Suppose -4*c + 24 = -0*c. Calculate the greatest common divisor of c and t.
2
Suppose 2*z = -2*z - 8. Let k be 170/40 - z/(-8). Let a be (-2*3/(-21))/(1/14). What is the greatest common factor of a and k?
4
Suppose -4*n - 5*u - 2053 = -6487, -5*n + 2*u = -5559. What is the greatest common factor of n and 33?
11
Let s(p) = p**2 + 12*p + 38. Let k be s(-5). Suppose j - 21 = 3*w, -33 = -j - 2*w + k. Calculate the highest common divisor of j and 10.
10
Let c = 18 + 258. Suppose -5*s - 4*j = -c, -s + 2*j + 11 + 47 = 0. What is the highest common factor of 42 and s?
14
Suppose 4*o = l + 13, -2*l + 32 - 8 = 2*o. Suppose -2*w - 5 = -l*w. What is the greatest common divisor of 4 and w?
1
Suppose -93*t + 510 = -4512. Calculate the highest common factor of 144 and t.
18
Let s be (-6)/(-4)*(-20)/(-6). Suppose s*q - 45 = -4*q. Suppose -2*w + 70 = 5*d - 176, -4*d + 632 = q*w. Calculate the highest common factor of 16 and w.
16
Let x(k) = -k**2 + 7*k - 3. Let q be x(6). Let g(r) = -r**q + 38 - 21 - 21 - r - 2*r**2. Let m be g(-3). What is the greatest common divisor of m and 8?
8
Let t be (-1 + 23777/52 + 0)*12. Calculate the highest common divisor of t and 876.
219
Suppose 438*j = 395*j + 11008. What is the greatest common divisor of j and 64?
64
Let d(w) = -2*w**3 - 5*w**2 - 17*w - 106. Let z be d(-5). Suppose i = z - 60. Calculate the highest common divisor of i and 704.
44
Let q(s) = 2*s + 7*s + 7*s - 6 - 18*s. Let g(w) = -6*w**2 - w + 1. Let o be g(1). Let i be q(o). What is the greatest common factor of i and 48?
6
Let h = 56 - 57. Let c be (-7 - h) + 2 - -40. Let p = 147 - 138. Calculate the greatest common factor of p and c.
9
Let d = 6482 + -1792. What is the highest common factor of d and 14?
14
Let z be ((-16263)/(-278))/((-1)/((-4)/6)). Let a(j) = 3*j - 5. Let h be a(6). What is the highest common divisor of z and h?
13
Let s = 342 + 675. Let w = 1059 - s. Let z = 30 + -18. What is the highest common factor of z and w?
6
Let l(v) = v + 39. Let m be l(0). Suppose 4*d = 5*r + 24, 16*r - 20*r = 0. Calculate the greatest common divisor of d and m.
3
Let c = -636 + 861. Let s be (-104)/(-10)*c/((-15)/(-3)). Calculate the highest common divisor of 104 and s.
52
Let v be (0 + (3 - 20))*-1. Let z(p) = 3*p**2 - 211*p - 137. Let x be z(71). Calculate the highest common divisor of v and x.
1
Let z(i) = 2*i**2 + 51*i - 185. Let v be z(-32). What is the greatest common divisor of 12 and v?
3
Suppose 4*y = 16 - 4. Suppose y*u - 86 = u - 2*x, 0 = -3*u + 5*x + 121. Let w = u - 30. What is the greatest common factor of 132 and w?
12
Let l = -81 + 124. Let y = l - -73. Calculate the greatest common divisor of y and 4.
4
Let r be (-26)/(-5) + (-18)/90. Suppose -281 = -r*z - 41. Let k(p) = -p**3 + 6*p**2 + 13*p - 39. Let q be k(7). Calculate the greatest common factor of z and q.
3
Let w = -2204 + 2668. Calculate the highest common divisor of w and 16.
16
Let i = 29 - 27. Let u be -4 - (-2 + -30)/i. Let m be 5/((-20)/(-52)) + -1. What is the highest common divisor of m and u?
12
Let w be 326/8 + ((-4)/(-16))/1. Suppose 0 = -5*i + 4*i + w. Suppose -5*j + 304 + i = 0. What is the greatest common factor of 23 and j?
23
Let a(g) = -26*g + 7*g - 6*g - 2 + 3. Let b be a(-3). Suppose -5*j - 6 + b = 0. What is the highest common divisor of 126 and j?
14
Let d be 2/11 + (38800/44 - 18). Calculate the greatest common divisor of d and 27.
27
Let u(h) = h**2 - 4*h + 4. Let a be u(4). Suppose -2 - a = -3*j. Suppose -76 = 2*g - 88. Calculate the greatest common divisor of j and g.
2
Let r be ((-1)/(-2))/(1/6). Suppose 6*x = 3*x - r. Let m be -18 + 21 - (-1 + x). What is the highest common factor of 20 and m?
5
Let m be 1457*1 - ((-280)/20 + 9). Calculate the highest common divisor of m and 221.
17
Let x be 10/8 + 432/144 + (15/20 - 0). Suppose -2*k - 14 = -2*f, -3*f + 6 + 9 = -k. What is the highest common divisor of x and f?
1
Let f = 1276 - 320. Calculate the greatest common divisor of f and 8.
4
Let i be (-58)/(1/(-1))*(-81)/(-54). Calculate the highest common divisor of i and 2552.
29
Suppose -7*z + 19 + 16 = 0. Suppose t - 420 = -2*t + 5*k, -z*t = -k - 700. Suppose -8*o + 7*o + t = 0. Calculate the highest common factor of o and 40.
20
Let g = 1227 + -837. Let u(s) = 3*s. Let o(i) = 3*i - 8. Let t be o(7). Let j be u(t). Calculate the greatest common factor of j and g.
39
Suppose -5*a + 16*s - 13*s + 252 = 0, 4*a = -4*s + 240. What is the greatest common divisor of 1809 and a?
27
Let w(y) = -41*y**3 - 4*y**2 + 5*y - 2. Let r be w(2). Let a be (11/2)/((-14)/r). Suppose 4*h - h = 72. Calculate the highest common divisor of a and h.
12
Let v = -92 + 229. Let d = v - 45. Calculate the greatest common factor of d and 69.
23
Let q(m) = 2*m**2 + 100*m - 7. Let n be q(6). What is the greatest common factor of 2565 and n?
95
Suppose 2*o = 4*l + 5*o - 59, -3*l = 3*o - 45. Suppose 0 = -4*z - 2*k + 444, 3*z = 4*k + k + 346. What is the greatest common divisor of z and l?
14
Let y(r) = -r**2 - 46*r + 361. Let x be y(-51). Let u = 24 - -29. What is the greatest common factor of x and u?
53
Suppose 91 + 8 = o + 11*z, -4*o - 3*z + 150 = 0. Calculate the greatest common factor of o and 45177.
33
Suppose -44944 - 28235 = -173*r. Calculate the greatest common divisor of r and 15.
3
Let a be ((-1173)/(-34))/((-1)/(-2)). Suppose -4*h + 2*o - 240 = -8*h, -h + a = 5*o. Calculate the highest common factor of h and 472.
59
Suppose -572 = 16*c - 17*c - z, 0 = 3*z + 3. Suppose -93 + c = 2*o. What is the highest common divisor of 15 and o?
15
Suppose 50 = 4*v + 18. Suppose 16 = 181*p - 189*p. Let j be v + 0/(-1 - p). What is the greatest common factor of j and 88?
8
Let l(j) = 24*j**2 - 80*j + 32. Let m be l(4). What is the greatest common divisor of m and 75?
3
Suppose 2*z + 2*z - 260 = 0. Let n(a) = 714*a + 12862. Let g be n(-18). Calculate the highest common divisor of z and g.
5
Suppose s = -2*j + 405, -s